{"id":739,"date":"2023-04-25T09:22:52","date_gmt":"2023-04-25T07:22:52","guid":{"rendered":"https:\/\/www.lmfin.sk\/?page_id=739"},"modified":"2023-04-25T09:28:45","modified_gmt":"2023-04-25T07:28:45","slug":"gdpr-uctovnictvo","status":"publish","type":"page","link":"https:\/\/www.lmfin.sk\/?page_id=739","title":{"rendered":"GDPR \u00fa\u010dtovn\u00edctvo"},"content":{"rendered":"\t\t<div data-elementor-type=\"wp-page\" data-elementor-id=\"739\" class=\"elementor elementor-739\">\n\t\t\t\t\t\t\t\t\t<section class=\"elementor-section elementor-top-section elementor-element elementor-element-9130cbf elementor-section-boxed elementor-section-height-default elementor-section-height-default\" data-id=\"9130cbf\" data-element_type=\"section\">\n\t\t\t\t\t\t<div class=\"elementor-container elementor-column-gap-default\">\n\t\t\t\t\t<div class=\"elementor-column elementor-col-100 elementor-top-column elementor-element elementor-element-a1773a4\" data-id=\"a1773a4\" data-element_type=\"column\">\n\t\t\t<div class=\"elementor-widget-wrap elementor-element-populated\">\n\t\t\t\t\t\t\t\t<div class=\"elementor-element elementor-element-089951b elementor-widget elementor-widget-text-editor\" data-id=\"089951b\" data-element_type=\"widget\" data-widget_type=\"text-editor.default\">\n\t\t\t\t<div class=\"elementor-widget-container\">\n\t\t\t<style>\/*! elementor - v3.13.2 - 11-05-2023 *\/\n.elementor-widget-text-editor.elementor-drop-cap-view-stacked .elementor-drop-cap{background-color:#69727d;color:#fff}.elementor-widget-text-editor.elementor-drop-cap-view-framed .elementor-drop-cap{color:#69727d;border:3px solid;background-color:transparent}.elementor-widget-text-editor:not(.elementor-drop-cap-view-default) .elementor-drop-cap{margin-top:8px}.elementor-widget-text-editor:not(.elementor-drop-cap-view-default) .elementor-drop-cap-letter{width:1em;height:1em}.elementor-widget-text-editor .elementor-drop-cap{float:left;text-align:center;line-height:1;font-size:50px}.elementor-widget-text-editor .elementor-drop-cap-letter{display:inline-block}<\/style>\t\t\t\t<p><strong>Z\u00e1sady spracovania osobn\u00fdch \u00fadajov a\u00a0syst\u00e9m ochrany osobn\u00fdch \u00fadajov pod\u013ea nariadenia GDPR<\/strong><\/p><p>Prev\u00e1dzkovate\u013e (spr\u00e1vca) Va\u0161ich osobn\u00fdch \u00fadajov pod\u013ea \u010dl\u00e1nku 4 bod 7. Nariadenia Eur\u00f3pskeho parlamentu a\u00a0rady (E\u00da) 2016\/679 o\u00a0ochrane fyzick\u00fdch os\u00f4b v\u00a0s\u00favislosti so spracovan\u00edm osobn\u00fdch \u00fadajov a\u00a0o\u00a0vo\u013enom pohybe tak\u00fdchto \u00fadajov (\u010falej len GDPR) \u00a0je spolo\u010dnos\u0165:<strong>\u00a0<\/strong><strong>LM Fin s.r.o.<\/strong><strong><b>, <\/b><\/strong><strong>Budovate\u013esk\u00e1 1282\/27, 093 01 Vranov nad Top\u013eou<\/strong><strong><b>, I\u010cO: <\/b><\/strong><strong>52\u00a0375\u00a0463<\/strong><\/p><p><strong>Kontaktn\u00e9 \u00fadaje prev\u00e1dzkovate\u013ea s\u00fa:<\/strong><\/p><p><strong>Tel. \u010d.: 0917 886 526<\/strong><\/p><p><strong>e-mail:<\/strong><strong>\u00a0<u>info@lmfin.sk<\/u><\/strong><\/p><p>(\u010falej len ako \u201e<strong>Prev\u00e1dzkovate\u013e<\/strong>\u201c)<\/p><p>\u00a0<\/p><p><strong>\u010co je osobn\u00fd \u00fadaj?<\/strong><\/p><p>Osobn\u00fdmi \u00fadajmi s\u00fa \u00fadaje t\u00fdkaj\u00face sa identifikovanej fyzickej osoby, alebo identifikovate\u013enej fyzickej osoby, <strong>ktor\u00fa mo\u017eno identifikova\u0165 priamo alebo nepriamo, najm\u00e4 na z\u00e1klade v\u0161eobecne pou\u017eite\u013en\u00e9ho identifik\u00e1tora<\/strong>, in\u00e9ho identifik\u00e1tora ako je napr\u00edklad meno, priezvisko, identifika\u010dn\u00e9 \u010d\u00edslo, lokaliza\u010dn\u00e9 \u00fadaje, alebo online identifik\u00e1tor, alebo na z\u00e1klade jednej alebo viacer\u00fdch charakterist\u00edk alebo znakov, ktor\u00e9 tvoria jej fyzick\u00fa identitu, fyziologick\u00fa identitu, genetick\u00fa identitu, psychick\u00fa identitu, ment\u00e1lnu identitu, ekonomick\u00fa identitu, kult\u00farnu identitu alebo soci\u00e1lnu identitu.<\/p><p>\u00a0<\/p><p><strong>\u010co je sprac\u00favanie osobn\u00fdch \u00fadajov?<\/strong><\/p><p>Sprac\u00favan\u00edm osobn\u00fdch \u00fadajov je spracovate\u013esk\u00e1 oper\u00e1cia alebo s\u00fabor spracovate\u013esk\u00fdch oper\u00e1ci\u00ed s osobn\u00fdmi \u00fadajmi alebo s\u00fabormi osobn\u00fdch \u00fadajov, najm\u00e4 z\u00edskavanie, zaznamen\u00e1vanie, usporad\u00favanie, \u0161trukt\u00farovanie, uchov\u00e1vanie, zmena, vyh\u013ead\u00e1vanie, prehliadanie, vyu\u017e\u00edvanie, poskytovanie prenosom, \u0161\u00edren\u00edm alebo in\u00fdm sp\u00f4sobom, preskupovanie alebo kombinovanie, obmedzenie, vymazanie, bez oh\u013eadu na to, \u010di sa vykon\u00e1va automatizovan\u00fdmi prostriedkami alebo neautomatizovan\u00fdmi prostriedkami.<\/p><p>Prev\u00e1dzkovate\u013e \u00a0(Spr\u00e1vca) \u00a0nem\u00e1 povinnos\u0165 vymenova\u0165\/ur\u010di\u0165 \u00a0Zodpovedn\u00fa Osobu.<\/p><p>\u00a0<\/p><p>Na\u0161a spolo\u010dnos\u0165 sprac\u00fava osobn\u00e9 \u00fadaje dotknut\u00fdch os\u00f4b ako <strong><b>sprostredkovate\u013e<\/b><\/strong>, teda v mene in\u00fdch subjektov (prev\u00e1dzkovate\u013eov), ktor\u00ed ur\u010dili \u00fa\u010dely a prostriedky sprac\u00favania osobn\u00fdch \u00fadajov na z\u00e1klade osobitn\u00fdch zml\u00fav.<\/p><p><strong><u>\u00a0<\/u><\/strong><\/p><p><strong><u>Zdroje a\u00a0kateg\u00f3rie osobn\u00fdch \u00fadajov:<\/u><\/strong><\/p><p>Prev\u00e1dzkovate\u013e spracov\u00e1va osobn\u00e9 \u00fadaje (priamo od V\u00e1s), ktor\u00e9 ste mu poskytli, alebo<\/p><p>Va\u0161e osobn\u00e9 \u00fadaje m\u00f4\u017eeme z\u00edska\u0165 aj inak, napr. od V\u00e1\u0161ho zamestn\u00e1vate\u013ea alebo od spolo\u010dnosti, v s\u00favislosti s ktorou Va\u0161e osobn\u00e9 \u00fadaje sprac\u00favame.<\/p><p>Va\u0161e identifika\u010dn\u00e9 a\u00a0kontaktn\u00e9 \u00fadaje \u00a0a\u00a0\u00fadaje nevyhnutn\u00e9 na plnenie zmluvy.<\/p><p><strong><u>\u00a0<\/u><\/strong><\/p><p><strong><u>Z\u00e1konn\u00fd d\u00f4vod a\u00a0\u00fa\u010del spracovania :<\/u><\/strong><\/p><p><strong>Z\u00e1konn\u00fdm d\u00f4vodom spracovania je:<\/strong><\/p><p>V\u00e1\u0161 s\u00fahlas so spracovan\u00edm osobn\u00fdch \u00fadajov na \u00fa\u010dely poskytovania priameho marketingu pod\u013ea \u010dl\u00e1nku 6 ods.1 p\u00edsmeno a) GDPR<\/p><p>\u00a0<\/p><p>Plnenie zmluvy medzi Vami a\u00a0prev\u00e1dzkovate\u013eom pod\u013ea \u010dl\u00e1nku 6 ods.1 p\u00edsmeno b) GDPR<\/p><p>\u00a0<\/p><p>Sprac\u00favanie je nevyhnutn\u00e9 na plnenie z\u00e1konnej povinnosti prev\u00e1dzkovate\u013ea pod\u013ea \u010dl\u00e1nku 6 ods. 1 p\u00edsmena c) GDPR<\/p><p><strong>\u00da\u010delom spracovania osobn\u00fdch \u00fadajov je :<\/strong><\/p><p>\u00da\u010delom sprac\u00favania osobn\u00fdch \u00fadajov v\u00a0oblasti\u00a0<strong><b>\u00fa\u010dtovn\u00edctva a\u00a0obchodnej agendy<\/b><\/strong>\u00a0je\u00a0plnenie z\u00e1konn\u00fdch povinnost\u00ed prev\u00e1dzkovate\u013ea vypl\u00fdvaj\u00facich\u00a0 z\u00a0osobitn\u00fdch predpisov (z\u00e1kon o\u00a0\u00fa\u010dtovn\u00edctve, z\u00e1kon o\u00a0dani z\u00a0pridanej hodnoty, z\u00e1kon o\u00a0dani z\u00a0pr\u00edjmov a\u00a0podobne).<\/p><p>Zasielanie \u00a0marketingov\u00fdch pon\u00fak a\u00a0\u010dinenie \u010fal\u0161\u00edch marketingov\u00fdch aktiv\u00edt.<\/p><p>Zo strany prev\u00e1dzkovate\u013ea nedoch\u00e1dza k\u00a0automatizovan\u00e9mu individu\u00e1lnemu rozhodovaniu v zmysle \u010dl\u00e1nku 22 GDPR .<\/p><p><strong><u>\u00a0<\/u><\/strong><\/p><p><strong><u>Doba uchov\u00e1vania:<\/u><\/strong><\/p><p>Prev\u00e1dzkovate\u013e uchov\u00e1va osobn\u00e9 \u00fadaje po dobu nevyhnutn\u00fa k\u00a0v\u00fdkonu pr\u00e1v a\u00a0povinnost\u00ed vypl\u00fdvaj\u00facich so zmluvn\u00e9ho vz\u0165ahu medzi prev\u00e1dzkovate\u013eom a\u00a0sprostredkovate\u013eom a\u00a0uplat\u0148ovania n\u00e1roku vypl\u00fdvaj\u00faceho z\u00a0t\u00fdchto zmluvn\u00fdch vz\u0165ahov.<\/p><p>Po dobu ne\u017e je odvolan\u00fd s\u00fahlas so spracovan\u00edm osobn\u00fdch \u00fadajov pre \u00fa\u010dely marketingu<\/p><h1>Po uplynut\u00ed doby uchov\u00e1vania osobn\u00fdch \u00fadajov ktor\u00e1 vypl\u00fdva zo z\u00e1kona \u010d. 395\/2002 Z. z. Z\u00e1kon o arch\u00edvoch a registrat\u00farach a o doplnen\u00ed niektor\u00fdch z\u00e1konov prev\u00e1dzkovate\u013e osobn\u00e9 \u00fadaje vyma\u017ee.<\/h1><p><strong>\u00a0<\/strong><\/p><p><strong>Pr\u00edjemcovia osobn\u00fdch \u00fadajov <\/strong><\/p><p>&#8211; opr\u00e1vnen\u00e9 subjekty (z\u00e1konn\u00e1 povinnos\u0165 poskytn\u00fa\u0165 osobn\u00e9 \u00fadaje pri kontrole, dozornej \u010dinnosti alebo na \u017eiados\u0165 opr\u00e1vnen\u00fdch org\u00e1nov \u0161t\u00e1tu alebo in\u0161tit\u00faci\u00ed, ak to vypl\u00fdva z osobitn\u00fdch predpisov).<\/p><p>Prev\u00e1dzkovate\u013e neposkytuje, nezverej\u0148uje \u00a0a\u00a0nespr\u00edstup\u0148uje osobn\u00e9 \u00fadaje do tret\u00edch kraj\u00edn<\/p><p>\u00a0<\/p><p><strong>Podmienky zabezpe\u010denia osobn\u00fdch \u00fadajov <\/strong><\/p><p><strong>Prev\u00e1dzkovate\u013e prehlasuje, \u017ee prijal vhodn\u00e9 person\u00e1lne, technick\u00e9 a\u00a0organiza\u010dn\u00e9 opatrenia k\u00a0zabezpe\u010deniu ochrany osobn\u00fdch \u00fadajov.<\/strong><\/p><p><strong>Prev\u00e1dzkovate\u013e prijal technick\u00e9 opatrenia na zabezpe\u010denie d\u00e1tov\u00fdch \u00falo\u017e\u00edsk a\u00a0\u00falo\u017e\u00edsk osobn\u00fdch \u00fadajov v\u00a0spisovej podobe.<\/strong><\/p><p><strong>Prev\u00e1dzkovate\u013e prehlasuje, \u017ee k\u00a0osobn\u00fdm \u00fadajom maj\u00fa pr\u00edstup v\u00fdlu\u010dne n\u00edm poveren\u00e9 osoby.<\/strong><\/p><p><strong>\u00a0<\/strong><\/p><p><strong>\u00a0<\/strong><\/p><p><strong>Va\u0161e pr\u00e1va :<\/strong><\/p><p>Za podmienok stanoven\u00fdch v\u00a0GDPR m\u00e1te:<\/p><p>-Pr\u00e1vo na pr\u00edstup k\u00a0svojim osobn\u00fdm \u00fadajom pod\u013ea \u010dl. 15 GDPR<\/p><p>-Pr\u00e1vo na opravu osobn\u00fdch \u00fadajov pod\u013ea \u010dl.16 GDPR<\/p><p>-Pr\u00e1vo na obmedzenie sprac\u00favania<\/p><p>-Pr\u00e1vo na v\u00fdmaz pod\u013ea \u010dl.17 GDPR<\/p><p>-Pr\u00e1vo namieta\u0165 pod\u013ea \u010dl\u00e1nku 21 GDPR<\/p><p>-Pr\u00e1vo na prenesenie osobn\u00fdch \u00fadajov pod\u013ea \u010dl\u00e1nku 21 GDPR<\/p><p>&#8211; Pr\u00e1vo odvola\u0165 s\u00fahlas (elektronicky, alebo na kore\u0161ponden\u010dn\u00fa adresu)<\/p><p>&#8211; Pr\u00e1vo poda\u0165 s\u0165a\u017enos\u0165 \u00faradu na ochranu osobn\u00fdch \u00fadajov v\u00a0pr\u00edpade, \u017ee sa domnievate ,\u017ee do\u0161lo k\u00a0poru\u0161eniu va\u0161ich pr\u00e1v na ochranu osobn\u00fdch \u00fadajov.<\/p><p>\u00a0<\/p><p><strong>\u010ealej m\u00e1te pr\u00e1vo poda\u0165 s\u0165a\u017enos\u0165 \u00faradu na ochranu osobn\u00fdch \u00fadajov v\u00a0pr\u00edpade, \u017ee sa domnievate ,\u017ee do\u0161lo k\u00a0poru\u0161eniu va\u0161ich pr\u00e1v na ochranu osobn\u00fdch \u00fadajov.<\/strong><\/p><p><strong><u><b>Ako m\u00f4\u017eete naplni\u0165 svoje pr\u00e1va?<\/b><\/u><\/strong><\/p><ol><li><strong><b> Pr\u00e1vo na pr\u00edstup k\u00a0\u00fadajom<\/b><\/strong>M\u00e1te pr\u00e1vo vedie\u0165, \u010di sprac\u00favame Va\u0161e osobn\u00e9 \u00fadaje. Pokia\u013e ich sprac\u00favame, m\u00f4\u017eete n\u00e1s po\u017eiada\u0165 o pr\u00edstup k nim. Na z\u00e1klade Va\u0161ej \u017eiadosti vyd\u00e1me potvrdenie s inform\u00e1ciami o sprac\u00favan\u00ed Va\u0161ich osobn\u00fdch \u00fadajov. \u017diados\u0165 m\u00f4\u017eete poda\u0165 elektronicky, na emailov\u00fa adresu\u00a0<strong><u>info@lmfin.sk<\/u><\/strong>, alebo po\u0161tou na kore\u0161ponden\u010dn\u00fa adresu<strong><b>:\u00a0<\/b><\/strong><strong>LM Fin s.r.o.<\/strong><strong><b>, <\/b><\/strong><strong>Budovate\u013esk\u00e1 1282\/27, 093 01 Vranov nad Top\u013eou<\/strong><strong><b>, I\u010cO: <\/b><\/strong><strong>52\u00a0375\u00a0463<\/strong><\/li><\/ol><p><strong><b>\u00a0<\/b><\/strong><\/p><p><strong><b>Pr\u00e1vo na opravu<\/b><\/strong>\u00a0\u00a0\u00a0\u00a0\u00a0\u00a0\u00a0\u00a0\u00a0\u00a0\u00a0\u00a0\u00a0\u00a0\u00a0\u00a0\u00a0\u00a0\u00a0\u00a0\u00a0\u00a0\u00a0\u00a0\u00a0\u00a0\u00a0\u00a0\u00a0\u00a0\u00a0\u00a0\u00a0\u00a0\u00a0\u00a0\u00a0\u00a0\u00a0\u00a0\u00a0\u00a0\u00a0\u00a0\u00a0\u00a0\u00a0\u00a0\u00a0\u00a0\u00a0\u00a0\u00a0\u00a0\u00a0\u00a0\u00a0\u00a0\u00a0\u00a0\u00a0\u00a0\u00a0\u00a0\u00a0\u00a0\u00a0\u00a0\u00a0\u00a0\u00a0\u00a0\u00a0\u00a0\u00a0\u00a0\u00a0\u00a0\u00a0\u00a0\u00a0\u00a0\u00a0\u00a0\u00a0\u00a0\u00a0\u00a0\u00a0\u00a0\u00a0\u00a0\u00a0\u00a0\u00a0\u00a0\u00a0\u00a0\u00a0\u00a0\u00a0\u00a0\u00a0\u00a0\u00a0\u00a0\u00a0\u00a0\u00a0\u00a0\u00a0\u00a0\u00a0\u00a0\u00a0\u00a0\u00a0\u00a0\u00a0\u00a0\u00a0\u00a0\u00a0\u00a0M\u00e1te pr\u00e1vo na to, aby Va\u0161e osobn\u00e9 \u00fadaje, ktor\u00e9 sprac\u00favame, boli spr\u00e1vne, \u00fapln\u00e9 a aktu\u00e1lne. Pokia\u013e s\u00fa Va\u0161e osobn\u00e9 \u00fadaje nespr\u00e1vne alebo neaktu\u00e1lne, m\u00f4\u017eete n\u00e1s po\u017eiada\u0165 o opravu alebo doplnenie a\u00a0to elektronickou formou na emailov\u00fa adresu\u00a0<strong><u>info@lmfin.sk<\/u><\/strong>\u00a0alebo po\u0161tou na kore\u0161ponden\u010dn\u00fa adresu<strong>: LM Fin s.r.o.<\/strong><strong><b>, <\/b><\/strong><strong>Budovate\u013esk\u00e1 1282\/27, 093 01 Vranov nad Top\u013eou<\/strong><strong><b>, I\u010cO: <\/b><\/strong><strong>52\u00a0375\u00a0463<\/strong><\/p><p><strong><b>Pr\u00e1vo na vymazanie<\/b><\/strong><\/p><p>Za ur\u010dit\u00fdch okolnost\u00ed m\u00e1te pr\u00e1vo, aby sme Va\u0161e osobn\u00e9 \u00fadaje vymazali. O vymazanie Va\u0161ich \u00fadajov n\u00e1s m\u00f4\u017eete po\u017eiada\u0165 kedyko\u013evek. Va\u0161e osobn\u00e9 \u00fadaje vyma\u017eeme, ak:<\/p><p>-u\u017e va\u0161e osobn\u00e9 \u00fadaje nepotrebujeme pre \u00fa\u010del, na ktor\u00fd ste n\u00e1m ich poskytli,<\/p><p>-odvol\u00e1te svoj s\u00fahlas,<\/p><p>-namietate vo\u010di sprac\u00favaniu va\u0161ich osobn\u00fdch \u00fadajov,<\/p><p>-sprac\u00favame Va\u0161e osobn\u00e9 \u00fadaje nez\u00e1konne,<\/p><p>-osobn\u00e9 \u00fadaje musia by\u0165 vymazan\u00e9, aby sa t\u00fdm splnila z\u00e1konn\u00e1 povinnos\u0165,<\/p><p>-ak ste die\u0165a, pr\u00edp. rodi\u010d die\u0165a\u0165a, ktor\u00e9 s\u00fahlasilo so sprac\u00favan\u00edm osobn\u00fdch \u00fadajov cez internet.<\/p><p>\u00a0<\/p><p><strong><b>Pr\u00e1vo na obmedzenie sprac\u00favania<\/b><\/strong><\/p><p>M\u00f4\u017eete n\u00e1s po\u017eiada\u0165, aby sme obmedzili sprac\u00favanie va\u0161ich osobn\u00fdch \u00fadajov. Pokia\u013e Va\u0161ej \u017eiadosti vyhovieme, Va\u0161e osobn\u00e9 \u00fadaje budeme iba uchov\u00e1va\u0165 a \u010falej s nimi pracova\u0165 nebudeme. K obmedzeniu sprac\u00favania Va\u0161ich \u00fadajov d\u00f4jde, ak<\/p><p>-n\u00e1m ozn\u00e1mite, \u017ee Va\u0161e osobn\u00e9 \u00fadaje s\u00fa nespr\u00e1vne, a to a\u017e dok\u00fdm neover\u00edme ich spr\u00e1vnos\u0165,<\/p><p>-sprac\u00favame Va\u0161e osobn\u00e9 \u00fadaje nez\u00e1konne, av\u0161ak Vy nes\u00fahlas\u00edte s ich vymazan\u00edm a na miesto toho \u017eiadate, aby sme sprac\u00favanie Va\u0161ich osobn\u00fdch \u00fadajov len obmedzili,<\/p><p>-Va\u0161e \u00fadaje u\u017e nepotrebujeme, ale potrebujete ich Vy na preuk\u00e1zanie, uplat\u0148ovanie alebo obhajovanie svojich pr\u00e1v<\/p><p>-namietate vo\u010di sprac\u00favaniu Va\u0161ich osobn\u00fdch \u00fadajov, a to a\u017e k\u00fdm neover\u00edme, \u010di na\u0161e opr\u00e1vnen\u00e9 z\u00e1ujmy preva\u017euj\u00fa nad va\u0161imi d\u00f4vodmi.<\/p><p>\u00a0<\/p><p><strong><b>Pr\u00e1vo na prenosnos\u0165 \u00fadajov<\/b><\/strong><\/p><p>M\u00e1te pr\u00e1vo \u017eiada\u0165, aby sme V\u00e1m poskytli Va\u0161e osobn\u00e9 \u00fadaje v elektronickej forme (napr. s\u00fabor XML alebo CSV), ktor\u00e1 V\u00e1m umo\u017en\u00ed \u013eahko si prenies\u0165 \u00fadaje do inej spolo\u010dnosti. Tie\u017e n\u00e1s m\u00f4\u017eete po\u017eiada\u0165, aby sme Va\u0161e osobn\u00e9 \u00fadaje preniesli vybranej spolo\u010dnosti priamo my. Va\u0161ej \u017eiadosti vyhovieme v pr\u00edpade, \u017ee ste n\u00e1m poskytli osobn\u00e9 \u00fadaje priamo Vy a dali ste n\u00e1m na ich sprac\u00favanie s\u00fahlas.<\/p><p>\u00a0<\/p><p><strong><b>Pr\u00e1vo namieta\u0165<\/b><\/strong><\/p><p><strong><b>M\u00e1te pr\u00e1vo namieta\u0165, \u017ee sprac\u00favame Va\u0161e osobn\u00e9 \u00fadaje. Ak Va\u0161e osobn\u00e9 \u00fadaje sprac\u00favame v nasledovn\u00fdch pr\u00edpadoch:<\/b><\/strong><\/p><p>-z d\u00f4vodu n\u00e1\u0161ho opr\u00e1vnen\u00e9ho z\u00e1ujmu,<\/p><p>-vytv\u00e1rania z\u00e1kazn\u00edckeho profilu,<\/p><p>-m\u00f4\u017eete namieta\u0165 ich sprac\u00favanie, ak m\u00e1te na to osobn\u00e9 d\u00f4vody.<\/p><p>\u00a0<\/p><p><strong><b>\u00a0<\/b><\/strong><\/p><p><strong><b>Ako m\u00f4\u017eete tieto pr\u00e1va vykon\u00e1va\u0165?<\/b><\/strong><\/p><p><strong><b>S Va\u0161ou \u017eiados\u0165ou sa m\u00f4\u017eete na n\u00e1s obr\u00e1ti\u0165 niektor\u00fdm z t\u00fdchto sp\u00f4sobov:<\/b><\/strong><\/p><p><strong><b>p\u00edsomne mailom:<\/b><\/strong>\u00a0<strong><u>info@lmfin.sk<\/u><\/strong><strong><b>, <\/b><\/strong><strong><b>alebo po\u0161tou na kore\u0161ponden\u010dn\u00fa adresu: <\/b><\/strong><strong>LM Fin s.r.o.<\/strong><strong><b>, <\/b><\/strong><strong>Budovate\u013esk\u00e1 1282\/27, 093 01 Vranov nad Top\u013eou<\/strong><strong><b>, I\u010cO: <\/b><\/strong><strong>52\u00a0375\u00a0463<\/strong><\/p><p>\u00a0<\/p><p><strong>V\u00a0pr\u00edpade, \u017ee sa domnievate ,\u017ee do\u0161lo k\u00a0poru\u0161eniu Va\u0161ich pr\u00e1v na ochranu osobn\u00fdch \u00fadajov m\u00e1te pr\u00e1vo poda\u0165 s\u0165a\u017enos\u0165 dozorn\u00e9mu org\u00e1nu ktor\u00fdm je \u00darad na ochranu osobn\u00fdch \u00fadajov na adrese <\/strong><\/p><p>Hrani\u010dn\u00e1 12<\/p><p>820 07 Bratislava 27<\/p><p>Slovensk\u00e1 republika<\/p><p>\u00a0<\/p><p><strong><b>Identifika\u010dn\u00e9 \u00fadaje:<\/b><\/strong><\/p><p>I\u010cO: 36064220<\/p><p>DI\u010c: 2021685985<\/p><p>\u00a0<\/p><p><strong><b>Sekretari\u00e1t \u00faradu:<\/b><\/strong><\/p><p>+421 \/2 3231 3214<\/p><p>\u00a0<\/p><p><strong><b>E-mail: \u00a0<\/b><\/strong><a href=\"mailto:statny.dozor@pdp.gov.sk\"><u>statny.dozor@pdp.gov.sk<\/u><\/a><\/p><p>\u00a0<\/p><p>Vzh\u013eadom na epidemiologick\u00fa situ\u00e1ciu v SR \u00darad odpor\u00fa\u010da vykona\u0165 podania prostredn\u00edctvom po\u0161tov\u00fdch alebo elektronick\u00fdch slu\u017eieb (<a href=\"http:\/\/www.slovensko.sk\"><u>www.slovensko.sk<\/u><\/a>). Osobn\u00e9 podania od 29.11.2021 je mo\u017en\u00e9 uskuto\u010dni\u0165 len v nevyhnutn\u00fdch pr\u00edpadoch najnesk\u00f4r do 12:00 hod.<\/p><p>\u00a0<\/p><p>\u00a0<\/p><p>\u00a0<\/p><p>\u00a0<\/p><p>\u00a0<\/p><p>\u00a0<\/p>\t\t\t\t\t\t<\/div>\n\t\t\t\t<\/div>\n\t\t\t\t<div class=\"elementor-element elementor-element-1c73eca elementor-widget elementor-widget-image\" data-id=\"1c73eca\" data-element_type=\"widget\" data-widget_type=\"image.default\">\n\t\t\t\t<div class=\"elementor-widget-container\">\n\t\t\t<style>\/*! elementor - v3.13.2 - 11-05-2023 *\/\n.elementor-widget-image{text-align:center}.elementor-widget-image a{display:inline-block}.elementor-widget-image a img[src$=\".svg\"]{width:48px}.elementor-widget-image img{vertical-align:middle;display:inline-block}<\/style>\t\t\t\t\t\t\t\t\t\t\t\t<img decoding=\"async\" width=\"640\" height=\"379\" src=\"https:\/\/www.lmfin.sk\/wp-content\/uploads\/2023\/04\/GDPR-1024x606.jpg\" class=\"attachment-large size-large wp-image-718\" alt=\"\" loading=\"lazy\" srcset=\"https:\/\/www.lmfin.sk\/wp-content\/uploads\/2023\/04\/GDPR-1024x606.jpg 1024w, https:\/\/www.lmfin.sk\/wp-content\/uploads\/2023\/04\/GDPR-300x178.jpg 300w, https:\/\/www.lmfin.sk\/wp-content\/uploads\/2023\/04\/GDPR-768x455.jpg 768w, https:\/\/www.lmfin.sk\/wp-content\/uploads\/2023\/04\/GDPR-1536x910.jpg 1536w, https:\/\/www.lmfin.sk\/wp-content\/uploads\/2023\/04\/GDPR.jpg 1920w\" sizes=\"(max-width: 640px) 100vw, 640px\" \/>\t\t\t\t\t\t\t\t\t\t\t\t\t\t\t<\/div>\n\t\t\t\t<\/div>\n\t\t\t\t\t<\/div>\n\t\t<\/div>\n\t\t\t\t\t\t\t<\/div>\n\t\t<\/section>\n\t\t\t\t\t\t\t<\/div>\n\t\t","protected":false},"excerpt":{"rendered":"<p>Z\u00e1sady spracovania osobn\u00fdch \u00fadajov a&nbsp;syst\u00e9m ochrany osobn\u00fdch \u00fadajov pod\u013ea nariadenia GDPR Prev\u00e1dzkovate\u013e (spr\u00e1vca) Va\u0161ich osobn\u00fdch \u00fadajov pod\u013ea \u010dl\u00e1nku 4 bod 7. Nariadenia Eur\u00f3pskeho parlamentu a&nbsp;rady (E\u00da) 2016\/679 o&nbsp;ochrane fyzick\u00fdch os\u00f4b v&nbsp;s\u00favislosti so spracovan\u00edm osobn\u00fdch \u00fadajov a&nbsp;o&nbsp;vo\u013enom pohybe tak\u00fdchto \u00fadajov (\u010falej len GDPR) &nbsp;je spolo\u010dnos\u0165:&nbsp;LM Fin s.r.o., Budovate\u013esk\u00e1 1282\/27, 093 01 Vranov nad Top\u013eou, I\u010cO: 52&nbsp;375&nbsp;463 [&hellip;]<\/p>\n","protected":false},"author":1,"featured_media":0,"parent":0,"menu_order":0,"comment_status":"closed","ping_status":"closed","template":"elementor_header_footer","meta":{"_mi_skip_tracking":false},"yoast_head":"<!-- This site is optimized with the Yoast SEO plugin v20.7 - https:\/\/yoast.com\/wordpress\/plugins\/seo\/ -->\n<title>GDPR \u00fa\u010dtovn\u00edctvo - lmfin<\/title>\n<meta name=\"robots\" content=\"index, follow, max-snippet:-1, max-image-preview:large, max-video-preview:-1\" \/>\n<link rel=\"canonical\" href=\"https:\/\/www.lmfin.sk\/?page_id=739\" \/>\n<meta property=\"og:locale\" content=\"sk_SK\" \/>\n<meta property=\"og:type\" content=\"article\" \/>\n<meta property=\"og:title\" content=\"GDPR \u00fa\u010dtovn\u00edctvo - lmfin\" \/>\n<meta property=\"og:description\" content=\"Z\u00e1sady spracovania osobn\u00fdch \u00fadajov a&nbsp;syst\u00e9m ochrany osobn\u00fdch \u00fadajov pod\u013ea nariadenia GDPR Prev\u00e1dzkovate\u013e (spr\u00e1vca) Va\u0161ich osobn\u00fdch \u00fadajov pod\u013ea \u010dl\u00e1nku 4 bod 7. Nariadenia Eur\u00f3pskeho parlamentu a&nbsp;rady (E\u00da) 2016\/679 o&nbsp;ochrane fyzick\u00fdch os\u00f4b v&nbsp;s\u00favislosti so spracovan\u00edm osobn\u00fdch \u00fadajov a&nbsp;o&nbsp;vo\u013enom pohybe tak\u00fdchto \u00fadajov (\u010falej len GDPR) &nbsp;je spolo\u010dnos\u0165:&nbsp;LM Fin s.r.o., Budovate\u013esk\u00e1 1282\/27, 093 01 Vranov nad Top\u013eou, I\u010cO: 52&nbsp;375&nbsp;463 [&hellip;]\" \/>\n<meta property=\"og:url\" content=\"https:\/\/www.lmfin.sk\/?page_id=739\" \/>\n<meta property=\"og:site_name\" content=\"lmfin\" \/>\n<meta property=\"article:modified_time\" content=\"2023-04-25T07:28:45+00:00\" \/>\n<meta property=\"og:image\" content=\"https:\/\/www.lmfin.sk\/wp-content\/uploads\/2023\/04\/GDPR-1024x606.jpg\" \/>\n<meta name=\"twitter:card\" content=\"summary_large_image\" \/>\n<meta name=\"twitter:label1\" content=\"Predpokladan\u00fd \u010das \u010d\u00edtania\" \/>\n\t<meta name=\"twitter:data1\" content=\"7 min\u00fat\" \/>\n<script type=\"application\/ld+json\" class=\"yoast-schema-graph\">{\"@context\":\"https:\/\/schema.org\",\"@graph\":[{\"@type\":\"WebPage\",\"@id\":\"https:\/\/www.lmfin.sk\/?page_id=739\",\"url\":\"https:\/\/www.lmfin.sk\/?page_id=739\",\"name\":\"GDPR \u00fa\u010dtovn\u00edctvo - lmfin\",\"isPartOf\":{\"@id\":\"https:\/\/www.lmfin.sk\/#website\"},\"datePublished\":\"2023-04-25T07:22:52+00:00\",\"dateModified\":\"2023-04-25T07:28:45+00:00\",\"breadcrumb\":{\"@id\":\"https:\/\/www.lmfin.sk\/?page_id=739#breadcrumb\"},\"inLanguage\":\"sk-SK\",\"potentialAction\":[{\"@type\":\"ReadAction\",\"target\":[\"https:\/\/www.lmfin.sk\/?page_id=739\"]}]},{\"@type\":\"BreadcrumbList\",\"@id\":\"https:\/\/www.lmfin.sk\/?page_id=739#breadcrumb\",\"itemListElement\":[{\"@type\":\"ListItem\",\"position\":1,\"name\":\"Home\",\"item\":\"https:\/\/www.lmfin.sk\/\"},{\"@type\":\"ListItem\",\"position\":2,\"name\":\"GDPR \u00fa\u010dtovn\u00edctvo\"}]},{\"@type\":\"WebSite\",\"@id\":\"https:\/\/www.lmfin.sk\/#website\",\"url\":\"https:\/\/www.lmfin.sk\/\",\"name\":\"lmfin\",\"description\":\"Bav\u00ed n\u00e1s to, \u010domu rozumieme.\",\"potentialAction\":[{\"@type\":\"SearchAction\",\"target\":{\"@type\":\"EntryPoint\",\"urlTemplate\":\"https:\/\/www.lmfin.sk\/?s={search_term_string}\"},\"query-input\":\"required name=search_term_string\"}],\"inLanguage\":\"sk-SK\"}]}<\/script>\n<!-- \/ Yoast SEO plugin. -->","yoast_head_json":{"title":"GDPR \u00fa\u010dtovn\u00edctvo - lmfin","robots":{"index":"index","follow":"follow","max-snippet":"max-snippet:-1","max-image-preview":"max-image-preview:large","max-video-preview":"max-video-preview:-1"},"canonical":"https:\/\/www.lmfin.sk\/?page_id=739","og_locale":"sk_SK","og_type":"article","og_title":"GDPR \u00fa\u010dtovn\u00edctvo - lmfin","og_description":"Z\u00e1sady spracovania osobn\u00fdch \u00fadajov a&nbsp;syst\u00e9m ochrany osobn\u00fdch \u00fadajov pod\u013ea nariadenia GDPR Prev\u00e1dzkovate\u013e (spr\u00e1vca) Va\u0161ich osobn\u00fdch \u00fadajov pod\u013ea \u010dl\u00e1nku 4 bod 7. Nariadenia Eur\u00f3pskeho parlamentu a&nbsp;rady (E\u00da) 2016\/679 o&nbsp;ochrane fyzick\u00fdch os\u00f4b v&nbsp;s\u00favislosti so spracovan\u00edm osobn\u00fdch \u00fadajov a&nbsp;o&nbsp;vo\u013enom pohybe tak\u00fdchto \u00fadajov (\u010falej len GDPR) &nbsp;je spolo\u010dnos\u0165:&nbsp;LM Fin s.r.o., Budovate\u013esk\u00e1 1282\/27, 093 01 Vranov nad Top\u013eou, I\u010cO: 52&nbsp;375&nbsp;463 [&hellip;]","og_url":"https:\/\/www.lmfin.sk\/?page_id=739","og_site_name":"lmfin","article_modified_time":"2023-04-25T07:28:45+00:00","og_image":[{"url":"https:\/\/www.lmfin.sk\/wp-content\/uploads\/2023\/04\/GDPR-1024x606.jpg"}],"twitter_card":"summary_large_image","twitter_misc":{"Predpokladan\u00fd \u010das \u010d\u00edtania":"7 min\u00fat"},"schema":{"@context":"https:\/\/schema.org","@graph":[{"@type":"WebPage","@id":"https:\/\/www.lmfin.sk\/?page_id=739","url":"https:\/\/www.lmfin.sk\/?page_id=739","name":"GDPR \u00fa\u010dtovn\u00edctvo - lmfin","isPartOf":{"@id":"https:\/\/www.lmfin.sk\/#website"},"datePublished":"2023-04-25T07:22:52+00:00","dateModified":"2023-04-25T07:28:45+00:00","breadcrumb":{"@id":"https:\/\/www.lmfin.sk\/?page_id=739#breadcrumb"},"inLanguage":"sk-SK","potentialAction":[{"@type":"ReadAction","target":["https:\/\/www.lmfin.sk\/?page_id=739"]}]},{"@type":"BreadcrumbList","@id":"https:\/\/www.lmfin.sk\/?page_id=739#breadcrumb","itemListElement":[{"@type":"ListItem","position":1,"name":"Home","item":"https:\/\/www.lmfin.sk\/"},{"@type":"ListItem","position":2,"name":"GDPR \u00fa\u010dtovn\u00edctvo"}]},{"@type":"WebSite","@id":"https:\/\/www.lmfin.sk\/#website","url":"https:\/\/www.lmfin.sk\/","name":"lmfin","description":"Bav\u00ed n\u00e1s to, \u010domu rozumieme.","potentialAction":[{"@type":"SearchAction","target":{"@type":"EntryPoint","urlTemplate":"https:\/\/www.lmfin.sk\/?s={search_term_string}"},"query-input":"required name=search_term_string"}],"inLanguage":"sk-SK"}]}},"_links":{"self":[{"href":"https:\/\/www.lmfin.sk\/index.php?rest_route=\/wp\/v2\/pages\/739"}],"collection":[{"href":"https:\/\/www.lmfin.sk\/index.php?rest_route=\/wp\/v2\/pages"}],"about":[{"href":"https:\/\/www.lmfin.sk\/index.php?rest_route=\/wp\/v2\/types\/page"}],"author":[{"embeddable":true,"href":"https:\/\/www.lmfin.sk\/index.php?rest_route=\/wp\/v2\/users\/1"}],"replies":[{"embeddable":true,"href":"https:\/\/www.lmfin.sk\/index.php?rest_route=%2Fwp%2Fv2%2Fcomments&post=739"}],"version-history":[{"count":5,"href":"https:\/\/www.lmfin.sk\/index.php?rest_route=\/wp\/v2\/pages\/739\/revisions"}],"predecessor-version":[{"id":745,"href":"https:\/\/www.lmfin.sk\/index.php?rest_route=\/wp\/v2\/pages\/739\/revisions\/745"}],"wp:attachment":[{"href":"https:\/\/www.lmfin.sk\/index.php?rest_route=%2Fwp%2Fv2%2Fmedia&parent=739"}],"curies":[{"name":"wp","href":"https:\/\/api.w.org\/{rel}","templated":true}]}}